3*p + 0*p = -12. Suppose 4*b = s - 0*s + 643, 0 = a*b + 3*s - 471. List the prime factors of b.
2, 5
Let g(w) = -w**2 - 34*w - 280. Let c be g(-20). Let x = 44 - -480. Suppose 7*r + x - 1539 = c. List the prime factors of r.
5, 29
Let r = 2096 + -1251. Let k = -581 + r. List the prime factors of k.
2, 3, 11
Suppose -8*m + 2*z = -5*m - 3074, 5*m - 5123 = 3*z. What are the prime factors of m?
2
Let i(c) = 558*c + 1241. List the prime factors of i(29).
7, 19, 131
Let c = 35 + -31. Let h be c/(-2) + (5 - 16) + 6. List the prime factors of 22/2*h/(-1).
7, 11
Suppose 8*g = 3*g + 10. Suppose -l - g*l + 6 = 0. What are the prime factors of ((-2)/(-1))/l*19?
19
Let u(a) = a + 1. Let q(r) = -2*r - 1. Let m(l) = 2*q(l) + 3*u(l). Let y be m(6). List the prime factors of (-1)/((-1)/(-3)) + 133 + y.
5
Let z(f) = -f**3 + 17*f**2 - f + 21. Let a be z(17). Let q be (0 - -176) + (a - 1). Suppose -1405 = -12*t + q. What are the prime factors of t?
2, 3, 11
Suppose -16*d + 154307 = 2707. What are the prime factors of d?
5, 379
Let c be (((-12)/(-7))/(-1))/((-2)/420). Suppose 4*g = 2*g + c. Let n = g - 16. List the prime factors of n.
2, 41
Suppose 0 = -177*j - 594908 + 1836032. List the prime factors of j.
2, 1753
Suppose 3*c - 185 + 50 = 0. Let g = 50 - c. Suppose -x = -3*n - 57, 275 + 50 = g*x - 5*n. What are the prime factors of x?
3, 23
Suppose 30*f - 62*f = -24945 - 99375. What are the prime factors of f?
3, 5, 7, 37
Let l(g) = -g**3 - 2*g**2 + 3. Let m be l(0). Let d(r) = r - 57*r**m + 0*r**2 + 2*r**2 + 3 + 33*r**3 - 2. List the prime factors of d(-2).
199
Let j = 38 + 60. Suppose 300 = -94*i + j*i. What are the prime factors of i?
3, 5
Let c be (-1 - 3800/(-12))/(4/24). Let z = c + -1224. What are the prime factors of z?
2, 5, 67
Suppose -4913635 - 606515 = -56*h - 89*h. What are the prime factors of h?
2, 3, 5, 47
What are the prime factors of 72436 - (0 + 8) - (21/(-3) - -2)?
113, 641
Suppose 9*w = -5*w - 350. List the prime factors of (w + 1)/(-3)*1694/28.
2, 11
Let t(z) = -7*z**2 + 16*z + 48262. What are the prime factors of t(0)?
2, 59, 409
What are the prime factors of -1*(-4 + 5)*((-1670)/(-1))/(-1)?
2, 5, 167
Let z(q) = -5982*q + 4003. What are the prime factors of z(-2)?
7, 2281
Let z = 11212 - 5870. What are the prime factors of z?
2, 2671
Let x = 284 + 11. Let b = -284 + x. List the prime factors of b.
11
Suppose r - 9906 = 4*p, -p + 18 - 24 = 0. What are the prime factors of r?
2, 3, 61
Suppose 101 = -6*g - 19. Let h(s) = 7 - 12*s - 4 + 2*s. List the prime factors of h(g).
7, 29
Suppose f + 18*f = 2*f. Suppose f = -84*n + 81*n + 447. What are the prime factors of n?
149
List the prime factors of 33*(-9)/(-27) + 853.
2, 3
Let g be (-434)/4 + (-1)/(-2). Let q = g + 210. Suppose 5*t = -25, -3*f + 2*f + 4*t + q = 0. List the prime factors of f.
2, 41
Let v be ((-42)/(-8))/(-7) + 6675/4. Suppose -4*k = -2*o + 6*o - v, 3*k = 2*o - 844. List the prime factors of o.
419
Let h = -663 + 1425. Let y = 1503 - h. What are the prime factors of y?
3, 13, 19
Let n = -1737 + 637. List the prime factors of (-327)/2*n/165.
2, 5, 109
Let w(q) = q**3 - 21*q**2 + 6*q - 121. Let r be w(21). List the prime factors of -1602*((-4)/22 - r/33).
2, 3, 89
Let h = 59 - 56. Suppose 0 = 3*c - 2*b - 660, -4*c + b = -h*b - 880. Let k = -123 + c. What are the prime factors of k?
97
Let t = 6349 - -11684. What are the prime factors of t?
3, 6011
Let x(l) = -l**3 + 13*l**2 - 16*l + 13. Let a be (-6)/4*(-88)/12. Let r be x(a). Suppose -4*h = -3*h - r. List the prime factors of h.
79
Suppose 5*u - m = 27819, -5*u + 7*u - 5*m - 11100 = 0. List the prime factors of u.
3, 5, 7, 53
Let c(f) = 21*f**2 + 77*f - 17. What are the prime factors of c(-21)?
29, 263
Suppose 49 = 5*v - a - 41, 5*v - 90 = -2*a. Suppose -84*r = -491 + 155. Suppose -r*n = -v - 134. What are the prime factors of n?
2, 19
Let h(a) = 14*a - 23 + 14*a - 33*a. Let u be h(-5). What are the prime factors of (-3 - -2 - -62)*(-1 + u)?
61
Suppose 4*c + 123 = -5*w, -c + 59 = -3*c - 5*w. Let s = c + 80. Suppose 8*o - s = 2*o. List the prime factors of o.
2
Let x = 3346 - 717. List the prime factors of x.
11, 239
Let v be 15/12*16/(3 + 1). Suppose 3*s - 353 - 291 = v*i, 0 = s + 3*i - 196. List the prime factors of s.
2, 13
Suppose 2*a - 28129 = -3*z, 5*a - 33476 = -3*z - 5341. List the prime factors of z.
3, 5
Suppose 0 = 4*m + 66224 - 370944. List the prime factors of 1*18/(-15)*m/(-78).
2, 293
Let t(g) = g**3 - 29*g**2 - 29*g - 3. Let m be t(30). Suppose 33*r - m*r - 1710 = 0. List the prime factors of r.
3, 5, 19
Let d(r) = -28*r**2 - 160*r + r**3 - 147*r + 322*r - 85. What are the prime factors of d(28)?
5, 67
Let r(g) = -24*g + 151. Let p be r(-18). Let m = p - 113. List the prime factors of m.
2, 5, 47
Let i = 15446 - 38474. Let v be (-3)/5 - -1 - i/30. Suppose 0 = -8*c + 2*c + v. List the prime factors of c.
2
Suppose 0 = 6*h + 2*h + 15366 - 56150. List the prime factors of h.
2, 2549
Suppose r - 11 + 98 = 3*j, 0 = -2*j - 5*r + 75. What are the prime factors of j*((-70)/(-3) + -2)?
2, 5
Let a be 4/(-8)*-1*82. Suppose 0 = -5*l - 11 + a. List the prime factors of (-1 + l)/((-15)/(-255)).
5, 17
Let n be (-19)/((57/(-24))/(-19)). List the prime factors of 38/n + -5674*(-3)/24.
709
Let v be ((-2 - 3) + 6)*189. Let t = 17 + v. Let g = t - 145. What are the prime factors of g?
61
Let a = -156 + 158. Suppose -a*x = -3*x + 547. What are the prime factors of x?
547
Let a(i) = 3*i + 47. Let y be a(-14). Suppose -o + y*j = -279, o - j - 224 = 59. What are the prime factors of o?
2, 71
Suppose -53*f - 27*f + 281280 = 0. What are the prime factors of f?
2, 3, 293
Let s = -3149 + 3248. What are the prime factors of s?
3, 11
Suppose 5*d + 2*n = 16, -n + 1 = d - 1. Let f(i) = 2*i - 5. Let b be f(d). Suppose -z - 136 = -b*t, 7*z = 4*t + 2*z - 196. What are the prime factors of t?
2, 11
Let h = -175 - -188. Let y(c) = 4*c**2 - 28*c + 1. What are the prime factors of y(h)?
313
Let i(p) = 5*p**3 - 2*p**2 - 2*p. Let x be (-3)/5 - 646/(-10). Let o be ((x/12)/(-4))/(2/(-3)). What are the prime factors of i(o)?
2, 7
Let q(g) = g**3 - 8*g**2 + 3. Let r be q(8). Let o be (3/(r - 6))/(1/(-5)). Suppose o*w - 8*w + 273 = 0. List the prime factors of w.
7, 13
Suppose 4*u = -5 + 13, 5*l - u = 102588. List the prime factors of l.
2, 10259
Let z(k) = 40*k + 7. Let i be z(2). Let c = i + -40. Let n = c - 43. List the prime factors of n.
2
Let m be 102/7 - (72/28 - 2). Suppose -2*c - m = -5*g, -17 = -2*c - 3*g + 1. Suppose -c*n - 28 = -343. What are the prime factors of n?
3, 5, 7
Suppose 0 = 5*b - 3*n + 20 - 5, 0 = -3*b + 4*n - 9. Let o be 1 + b - ((-1)/1 - 1). Suppose 2*h - 233 - 111 = o. List the prime factors of h.
2, 43
Let f be (-4)/14 - (2 + 188/28). Let i(b) = b**3 + 10*b**2 + 11*b + 18. Let p be i(f). Suppose p*d + 3*d - 132 = 0. List the prime factors of d.
2, 11
Suppose -3*t = 2*m - 25, -5*t - 2*m = -4*m - 15. Suppose x + 3*x + t*w = -21, 2*w = -10. Suppose -x - 89 = -3*i. List the prime factors of i.
2, 3, 5
Let r(g) = -g**3 + g - 3. Let a be r(-2). Suppose a*x - 423 = -2*u, 4*u - 5*x - 648 = 187. What are the prime factors of u?
2, 3, 5, 7
Let b = 19324 + -8563. List the prime factors of b.
3, 17, 211
Suppose -3*l = 4*g - 1128, -9*l + 3435 = -201*g + 196*g. What are the prime factors of l?
2, 5, 19
Let l(n) = -1878*n + 962. List the prime factors of l(-11).
2, 5, 23, 47
Suppose 0 = 3*s + 4*x - 2399, -4*s = -2*s + x - 1601. Let h = -257 + s. What are the prime factors of h?
2, 17
List the prime factors of ((-7)/(-5))/((-12814509)/337225 + 38).
5, 7, 47
Let l be ((-35 + 36)/((-2)/8))/(-2). Suppose l*j = -5*h + 3*j + 124, -5*h + 130 = 5*j. List the prime factors of h.
5
Suppose -125729 = -5*b + g - 37409, 5*b = 4*g + 88335. What are the prime factors of b?
17, 1039
Suppose -3*f + 2*f + 6 = 0. Let w be (114/(-4))/(f/8). Let d = 101 + w. What are the prime factors of d?
3, 7
Let r(f) = -f**2 + 1. Let v(s) = 1785*s**2 - s - 4. Let q(j) = 4*r(j) + v(j). Let l be q(-1). Suppose -9*i + 0*i = -l. What are the prime factors of i?
2, 3, 11
Let b = 528 - -6549. List the prime factors of b.
3, 7, 337
Let w(b) = b**2 - 8*b - 12. Let d(l) = -l**3 - 15*l**2 + 17*l + 28. Let y be d(-16). Let q be (-2 + y/5)/(17/510). List the prime factors of w(q).
2, 3
Let